se 0*o - 1 = -o. List the prime factors of ((-19)/u)/(o/(-34)).
17
Suppose 3934 = 8*g - 50010. List the prime factors of g.
11, 613
Suppose -l + 17 = 4*w + 4, -2*w + 2 = 0. Suppose l*j - 640 = 395. Let m = -31 + j. List the prime factors of m.
2, 3, 7
Let c(i) = 2*i**3 - 6*i**2 - 41*i + 21. Let r be c(-10). Let g = -1298 - r. What are the prime factors of g?
13, 67
Suppose 5*j - 44 = -29. Suppose 0 = -8*t + 107 - j. Suppose 0 = 2*b + t*b - 1815. List the prime factors of b.
11
Let t(q) = 4*q + 13. Let i be t(-3). Let f be 26*(16 + 1) + i. Suppose 5*p = -43 + f. List the prime factors of p.
2, 5
Suppose -15*g = -8*g - 43988. Suppose -6*c = -8*c + 3*v + 2510, -5*c = -3*v - g. List the prime factors of c.
2, 17, 37
Suppose -3*s - 4*v = -148657, 19*s - 17*s = -v + 99113. What are the prime factors of s?
49559
Suppose 4*i = 5*l + 6, -18 = -4*l + 3*l - 4*i. Suppose 60*j - 1600 = 56*j. Suppose 3*y = 4*r - 789, -5*y + y = l*r - j. What are the prime factors of r?
2, 3, 11
Let n = 141 + -139. Suppose 4*j - 1756 = -n*v + 196, 4*v + 4*j = 3916. What are the prime factors of v?
2, 491
Let b(v) = -248*v - 1924. List the prime factors of b(-44).
2, 3, 7, 107
Suppose 12*i - 5*i + 5*i - 76032 = 0. List the prime factors of i.
2, 3, 11
Suppose 38*r = 4*k + 36*r - 114, 0 = 3*k - 4*r - 78. Suppose -4912 = 14*a - k*a. List the prime factors of a.
307
Let n = -27 - -62. Suppose -5*w - n = -5*y, -w - y = -0*y - 1. List the prime factors of (-7)/(2/w + 5/12).
2, 7
Let v(a) = -12*a - 16. Let f be v(4). Let g = 194 - 121. Let k = g - f. List the prime factors of k.
137
Let f(o) = 11*o + 6. Let x be f(-6). Let h = x - -84. What are the prime factors of 3*604/h*2?
151
Let y(g) = 3*g - 20 - 11*g - 13*g. What are the prime factors of y(-11)?
211
Suppose -9*l + 8*l + 15 = 4*k, -k + 3*l - 6 = 0. Suppose 3*m - 6860 = -5*a - 0*a, -k*m = 0. List the prime factors of a.
2, 7
Let x be 1332/(-19) - (-4)/38. Let l = 157 + x. Suppose -136 = -3*r + 4*p + 120, -r + l = -3*p. List the prime factors of r.
2, 3, 7
List the prime factors of ((-11)/(-11))/(-6 + (-42379)/(-7063)).
7, 1009
Suppose -w - 4*w + 105802 = 2*h, 2*h = 3*w - 63462. What are the prime factors of w?
2, 71, 149
Let u(z) = -41521*z**3 - 3*z**2 - 4*z - 2. List the prime factors of u(-1).
2, 3, 5, 173
What are the prime factors of (72765/3675)/(-2*(-6)/17720)?
2, 3, 11, 443
Let y = 377 + 2333. List the prime factors of y.
2, 5, 271
List the prime factors of 4/(12/23175) + 14/(-2).
2, 17, 227
Let r = -13471 - -15533. List the prime factors of r.
2, 1031
Suppose -81*z + 321815 = -16*z. List the prime factors of z.
4951
Suppose 3097 + 8318 = 2*m - 6013. List the prime factors of m.
2, 4357
Suppose 5*m + 6173 + 11007 = 0. What are the prime factors of (m/(-10)*5)/2?
859
Suppose 8*n + 6783 = 3*n - h, 2*n + 2721 = -3*h. Let g = n - -2454. List the prime factors of g.
2, 3, 61
Let d be -5 - 33/(-6)*(-856)/(-4). Let m = -805 + d. List the prime factors of m.
367
Suppose -3*i - 20*w + 16*w + 144731 = 0, 4*i = -2*w + 192978. List the prime factors of i.
5, 9649
Suppose 717948 = -290*v + 311*v. What are the prime factors of v?
2, 3, 7, 11, 37
Let n = 67 + -63. Suppose -5*c + 9*c - 2*g - 28 = 0, -n*g = c + 2. What are the prime factors of (-12 - -13) + 110*c/4?
2, 83
What are the prime factors of 29/(-4)*(-272 + 0 - (-134 - -130))?
29, 67
Suppose 21*d = 27*d. List the prime factors of 571 + d + 1 - -3.
5, 23
Let i = 15507 + -8163. What are the prime factors of i?
2, 3, 17
Let y = 22 - 13. List the prime factors of (6*(-6)/y + 2)*-21.
2, 3, 7
Suppose 2*p + 3*q + q - 4362 = 0, -2*p + 2*q = -4356. Let u = p - 1159. List the prime factors of u.
2, 3, 5, 17
Let c = 6216 - 1473. What are the prime factors of c?
3, 17, 31
Suppose -9 = -5*i - t + 6, -4*i = -4*t - 36. Suppose -12*v + 17*v = -3*z + 454, i*v = -3*z + 455. List the prime factors of z.
3, 17
Suppose -10*o + 20131 = 1741. Let n = -1158 + o. List the prime factors of n.
3, 227
What are the prime factors of (-606529)/(-22) - 120/48?
3, 1021
Let t(f) = f**2 - 14*f. Suppose 136 = 3*i - 59. Suppose -4*h - 2*b + i = -7*b, 0 = 2*h + b - 43. What are the prime factors of t(h)?
2, 3, 5
What are the prime factors of 12334830/255 - (-44)/374?
2, 3, 29, 139
Let m be -2*(-12)/40*-5. Let t(w) = -338*w + 30. What are the prime factors of t(m)?
2, 3, 29
Let a(y) be the third derivative of -y**6/120 + 7*y**5/30 - 17*y**4/24 + 5*y**3 + 2*y**2 - 13. List the prime factors of a(11).
2, 103
Let x(p) = -p + 27. Let a be x(22). Suppose -20*o + 1995 = -a*o. What are the prime factors of o?
7, 19
Let d(t) = 897*t**2 + 107*t + 562. What are the prime factors of d(-9)?
2, 1129
Let j = 8291 + 7363. What are the prime factors of j?
2, 3, 2609
Let c(v) be the second derivative of 14*v**4/3 - 2*v**3/3 + 3*v**2/2 - 16*v. Let y be c(2). What are the prime factors of -9*y/(-18)*(-2)/(-3)?
73
Let h(i) = -4*i - 24. Let p(l) = -1. Suppose -62*a = -58*a + 4. Let b(k) = a*h(k) + 3*p(k). List the prime factors of b(6).
3, 5
Suppose -2*v - 3*v + z = -25, 4*v - z - 20 = 0. Suppose -5*b + 1715 = -3*k, 5*b - v*k + k - 1720 = 0. What are the prime factors of b?
2, 5, 17
Let d(x) = -4390*x + 4079. What are the prime factors of d(-6)?
19, 1601
Let t = 50 - 50. Suppose y + 77 - 195 = -z, t = -5*y. What are the prime factors of z?
2, 59
Suppose -5*u + 3*n = -181 + 4386, -5*u - n = 4225. Let w = 1284 + u. Suppose 5*j - 12 = -5*x + 413, -2*j = 5*x - w. List the prime factors of x.
2, 3, 5
Let v(l) = 3*l**3 + 24*l**2 - 84*l + 15. Let i be v(13). Suppose -10*h + 15*h - i = 0. List the prime factors of h.
2, 3, 11, 29
Let x be (-34)/119 - (-1801)/7. Suppose -54*h = -53*h - x. What are the prime factors of h?
257
Let s be -28*1*3/(2 + -5). Let y = 31 - s. Suppose -y*i + 3*g + 420 = -0*i, -3*g + 15 = 0. What are the prime factors of i?
5, 29
Suppose -400495 - 19555 = -235*o + 66400. What are the prime factors of o?
2, 3, 5, 23
List the prime factors of (-20 - -929 - 12)/((-1)/(-11)).
3, 11, 13, 23
Let y be 7/(-7) - (-3 + 2 - 17). Suppose -a - 10 = -3*m + 9, -3*m - a = -y. Suppose 1082 = m*n - 346. What are the prime factors of n?
2, 7, 17
Suppose 2*l - 230 = -2*s + 90, -3*l + 642 = 4*s. Suppose -283 - s = -5*m. List the prime factors of m.
89
Suppose i = -4*j + 13, -6*j - i = -7*j - 3. Let d(r) = 25*r - 14. Let c be d(-6). What are the prime factors of (-2 + c/(-8))*j?
37
Suppose 7*w + 22865 = 8*w + 4*v, -v + 2 = 0. List the prime factors of w.
3, 19, 401
Let g(q) be the second derivative of 5*q**3/3 - 5*q**2/2 + 4*q. Suppose -2*h + 12 = 2*h. What are the prime factors of g(h)?
5
Suppose 0 = 2*n + 44*m - 43*m - 14828, 2*m = 5*n - 37061. What are the prime factors of n?
3, 7, 353
Let t = 195 + -209. List the prime factors of (-11446)/t + 3 + 125/(-35).
19, 43
What are the prime factors of (-1*2/3)/(-7*12/241542)?
3, 71
Let o(v) = -27*v + 5. Let s be o(5). Suppose -12*d + y = -10*d + 521, -4*y = d + 256. Let b = s - d. List the prime factors of b.
2, 5, 13
Suppose -275*z = -312*z + 140045. List the prime factors of z.
5, 757
Let t(r) = 14*r**2 - 10*r + 24. Let j be t(6). Suppose -8*w + j = -6*w. What are the prime factors of w?
2, 3, 13
Let n be (5/3)/((3 + -6)/(-27)). Suppose -2699 = -n*c + 616. What are the prime factors of c?
13, 17
Let b(w) = 5*w**2 + 2*w + 38. Let i(g) = 12*g**2 + 5*g + 76. Let u(c) = 10*b(c) - 4*i(c). What are the prime factors of u(14)?
2, 3, 13
Suppose 2*d - 3*f = 6528, -8*f + 13048 = 4*d - 12*f. What are the prime factors of d?
2, 3, 181
Let v = -4301 + 4545. What are the prime factors of v?
2, 61
Let w = -1072 + 1881. Suppose 4*f - 5*z - 1573 = 0, -5*z + w = 4*f - 2*f. List the prime factors of f.
397
Suppose -5*d = 3*s - 2*s + 7, 4*d - 7 = -5*s. Let y be (40 + -46)/(1 + -1 + d). List the prime factors of ((y - 3) + 212/(-16))*-12.
3, 53
Let i(u) = -16*u - 83. Let n be i(-6). Let m(p) = 2*p**2 - 9*p - 17. What are the prime factors of m(n)?
2, 3, 17
Let k(n) = 2*n**3 + 82*n**2 + 73*n + 141. List the prime factors of k(-34).
109, 127
Suppose 9 + 45 = -18*f. What are the prime factors of (1359/12)/(f/(-8))?
2, 151
Suppose 4*x = -29 - 7. Let l(a) be the second derivative of a**4/6 + 8*a**3/3 + 12*a**2 + 839*a. What are the prime factors of l(x)?
2, 3, 7
Let j = -2384 + 5517. List the prime factors of j.
13, 